{"id":72,"date":"2025-08-10T11:39:16","date_gmt":"2025-08-10T14:39:16","guid":{"rendered":"https:\/\/danielbuche.com.br\/projeto\/upcultural\/?page_id=72"},"modified":"2025-08-31T20:19:12","modified_gmt":"2025-08-31T23:19:12","slug":"noticias","status":"publish","type":"page","link":"https:\/\/danielbuche.com.br\/projeto\/upcultural\/noticias\/","title":{"rendered":"Not\u00edcias"},"content":{"rendered":"\t\t<div data-elementor-type=\"wp-page\" data-elementor-id=\"72\" class=\"elementor elementor-72\" data-elementor-post-type=\"page\">\n\t\t\t\t<div class=\"elementor-element elementor-element-63ad4b2 e-flex e-con-boxed e-con e-parent\" data-id=\"63ad4b2\" data-element_type=\"container\" data-settings=\"{&quot;background_background&quot;:&quot;classic&quot;}\">\n\t\t\t\t\t<div class=\"e-con-inner\">\n\t\t\t\t<div class=\"elementor-element elementor-element-c8c01f7 elementor-icon-list--layout-inline elementor-align-center elementor-list-item-link-full_width elementor-widget elementor-widget-icon-list\" data-id=\"c8c01f7\" data-element_type=\"widget\" data-widget_type=\"icon-list.default\">\n\t\t\t\t\t\t\t<ul class=\"elementor-icon-list-items elementor-inline-items\">\n\t\t\t\t\t\t\t<li class=\"elementor-icon-list-item elementor-inline-item\">\n\t\t\t\t\t\t\t\t\t\t\t<a href=\"https:\/\/danielbuche.com.br\/projeto\/upcultural\">\n\n\t\t\t\t\t\t\t\t\t\t\t<span class=\"elementor-icon-list-text\">In\u00edcio<\/span>\n\t\t\t\t\t\t\t\t\t\t\t<\/a>\n\t\t\t\t\t\t\t\t\t<\/li>\n\t\t\t\t\t\t\t\t<li class=\"elementor-icon-list-item elementor-inline-item\">\n\t\t\t\t\t\t\t\t\t\t\t<span class=\"elementor-icon-list-icon\">\n\t\t\t\t\t\t\t<svg aria-hidden=\"true\" class=\"e-font-icon-svg e-fas-angle-right\" viewBox=\"0 0 256 512\" xmlns=\"http:\/\/www.w3.org\/2000\/svg\"><path d=\"M224.3 273l-136 136c-9.4 9.4-24.6 9.4-33.9 0l-22.6-22.6c-9.4-9.4-9.4-24.6 0-33.9l96.4-96.4-96.4-96.4c-9.4-9.4-9.4-24.6 0-33.9L54.3 103c9.4-9.4 24.6-9.4 33.9 0l136 136c9.5 9.4 9.5 24.6.1 34z\"><\/path><\/svg>\t\t\t\t\t\t<\/span>\n\t\t\t\t\t\t\t\t\t\t<span class=\"elementor-icon-list-text\"><\/span>\n\t\t\t\t\t\t\t\t\t<\/li>\n\t\t\t\t\t\t\t\t<li class=\"elementor-icon-list-item elementor-inline-item\">\n\t\t\t\t\t\t\t\t\t\t<span class=\"elementor-icon-list-text\">Not\u00edcias<\/span>\n\t\t\t\t\t\t\t\t\t<\/li>\n\t\t\t\t\t\t<\/ul>\n\t\t\t\t\t\t<\/div>\n\t\t\t\t<div class=\"elementor-element elementor-element-24a6b31 elementor-widget elementor-widget-heading\" data-id=\"24a6b31\" data-element_type=\"widget\" data-widget_type=\"heading.default\">\n\t\t\t\t\t<h2 class=\"elementor-heading-title elementor-size-default\">Not\u00edcias<\/h2>\t\t\t\t<\/div>\n\t\t\t\t<div class=\"elementor-element elementor-element-021491d elementor-widget__width-initial elementor-widget elementor-widget-text-editor\" data-id=\"021491d\" data-element_type=\"widget\" data-widget_type=\"text-editor.default\">\n\t\t\t\t\t\t\t\t\t<p>Encontros que nutrem a alma e expandem a consci\u00eancia. Participe de experi\u00eancias transformadoras.<\/p>\t\t\t\t\t\t\t\t<\/div>\n\t\t\t\t\t<\/div>\n\t\t\t\t<\/div>\n\t\t<div class=\"elementor-element elementor-element-9d15ec9 e-flex e-con-boxed e-con e-parent\" data-id=\"9d15ec9\" data-element_type=\"container\">\n\t\t\t\t\t<div class=\"e-con-inner\">\n\t\t\t\t<div class=\"elementor-element elementor-element-e421f94 elementor-widget elementor-widget-template\" data-id=\"e421f94\" data-element_type=\"widget\" data-widget_type=\"template.default\">\n\t\t\t\t<div class=\"elementor-widget-container\">\n\t\t\t\t\t\t\t<div class=\"elementor-template\">\n\t\t\t\t\t<div data-elementor-type=\"section\" data-elementor-id=\"150\" class=\"elementor elementor-150\" data-elementor-post-type=\"elementor_library\">\n\t\t\t<div class=\"elementor-element elementor-element-9dc2485 e-flex e-con-boxed e-con e-parent\" data-id=\"9dc2485\" data-element_type=\"container\">\n\t\t\t\t\t<div class=\"e-con-inner\">\n\t\t\t\t<div class=\"elementor-element elementor-element-689a7de elementor-widget elementor-widget-heading\" data-id=\"689a7de\" data-element_type=\"widget\" data-widget_type=\"heading.default\">\n\t\t\t\t\t<h6 class=\"elementor-heading-title elementor-size-default\">Em breve<\/h6>\t\t\t\t<\/div>\n\t\t\t\t<div class=\"elementor-element elementor-element-1889d82 elementor-widget elementor-widget-heading\" data-id=\"1889d82\" data-element_type=\"widget\" data-widget_type=\"heading.default\">\n\t\t\t\t\t<h2 class=\"elementor-heading-title elementor-size-default\">Em desenvolvimento<\/h2>\t\t\t\t<\/div>\n\t\t\t\t\t<\/div>\n\t\t\t\t<\/div>\n\t\t\t\t<\/div>\n\t\t\t\t<\/div>\n\t\t\t\t\t\t<\/div>\n\t\t\t\t<\/div>\n\t\t\t\t\t<\/div>\n\t\t\t\t<\/div>\n\t\t<div class=\"elementor-element elementor-element-5b34b66 e-flex e-con-boxed e-con e-parent\" data-id=\"5b34b66\" data-element_type=\"container\">\n\t\t\t\t\t<div class=\"e-con-inner\">\n\t\t\t\t<div class=\"elementor-element elementor-element-dc2da20 elementor-widget elementor-widget-heading\" data-id=\"dc2da20\" data-element_type=\"widget\" data-widget_type=\"heading.default\">\n\t\t\t\t\t<div class=\"elementor-heading-title elementor-size-default\">Fique por dentro<\/div>\t\t\t\t<\/div>\n\t\t\t\t<div class=\"elementor-element elementor-element-ca4d3a2 elementor-widget elementor-widget-heading\" data-id=\"ca4d3a2\" data-element_type=\"widget\" data-widget_type=\"heading.default\">\n\t\t\t\t\t<h2 class=\"elementor-heading-title elementor-size-default\">Not\u00edcias UP Cultural<\/h2>\t\t\t\t<\/div>\n\t\t\t\t<div class=\"elementor-element elementor-element-810f4a2 elementor-widget elementor-widget-jet-listing-grid\" data-id=\"810f4a2\" data-element_type=\"widget\" data-settings=\"{&quot;columns&quot;:3}\" data-widget_type=\"jet-listing-grid.default\">\n\t\t\t\t\t<div class=\"jet-listing-grid jet-listing\"><div class=\"jet-listing-grid__items grid-col-desk-3 grid-col-tablet-3 grid-col-mobile-3 jet-listing-grid--253 jet-equal-columns__wrapper\" data-queried-id=\"72|WP_Post\" data-nav=\"{&quot;enabled&quot;:true,&quot;type&quot;:&quot;click&quot;,&quot;more_el&quot;:&quot;#vermais&quot;,&quot;query&quot;:{&quot;post_status&quot;:[&quot;publish&quot;],&quot;post_type&quot;:&quot;post&quot;,&quot;posts_per_page&quot;:&quot;6&quot;,&quot;paged&quot;:&quot;1&quot;,&quot;ignore_sticky_posts&quot;:&quot;1&quot;,&quot;suppress_filters&quot;:false,&quot;jet_smart_filters&quot;:&quot;jet-engine\\\/default&quot;},&quot;widget_settings&quot;:{&quot;lisitng_id&quot;:253,&quot;posts_num&quot;:6,&quot;columns&quot;:3,&quot;columns_tablet&quot;:3,&quot;columns_mobile&quot;:3,&quot;column_min_width&quot;:240,&quot;column_min_width_tablet&quot;:240,&quot;column_min_width_mobile&quot;:240,&quot;inline_columns_css&quot;:false,&quot;is_archive_template&quot;:&quot;&quot;,&quot;post_status&quot;:[&quot;publish&quot;],&quot;use_random_posts_num&quot;:&quot;&quot;,&quot;max_posts_num&quot;:9,&quot;not_found_message&quot;:&quot;Nenhuma not\\u00edcia encontrada&quot;,&quot;is_masonry&quot;:false,&quot;equal_columns_height&quot;:&quot;yes&quot;,&quot;use_load_more&quot;:&quot;yes&quot;,&quot;load_more_id&quot;:&quot;vermais&quot;,&quot;load_more_type&quot;:&quot;click&quot;,&quot;load_more_offset&quot;:{&quot;unit&quot;:&quot;px&quot;,&quot;size&quot;:0,&quot;sizes&quot;:[]},&quot;use_custom_post_types&quot;:&quot;&quot;,&quot;custom_post_types&quot;:[],&quot;hide_widget_if&quot;:&quot;&quot;,&quot;carousel_enabled&quot;:&quot;&quot;,&quot;slides_to_scroll&quot;:&quot;1&quot;,&quot;arrows&quot;:&quot;true&quot;,&quot;arrow_icon&quot;:&quot;fa fa-angle-left&quot;,&quot;dots&quot;:&quot;&quot;,&quot;autoplay&quot;:&quot;true&quot;,&quot;pause_on_hover&quot;:&quot;true&quot;,&quot;autoplay_speed&quot;:5000,&quot;infinite&quot;:&quot;true&quot;,&quot;center_mode&quot;:&quot;&quot;,&quot;effect&quot;:&quot;slide&quot;,&quot;speed&quot;:500,&quot;inject_alternative_items&quot;:&quot;&quot;,&quot;injection_items&quot;:[],&quot;scroll_slider_enabled&quot;:&quot;&quot;,&quot;scroll_slider_on&quot;:[&quot;desktop&quot;,&quot;tablet&quot;,&quot;mobile&quot;],&quot;custom_query&quot;:false,&quot;custom_query_id&quot;:&quot;&quot;,&quot;_element_id&quot;:&quot;&quot;,&quot;collapse_first_last_gap&quot;:false,&quot;list_tag_selection&quot;:&quot;&quot;,&quot;list_items_wrapper_tag&quot;:&quot;div&quot;,&quot;list_item_tag&quot;:&quot;div&quot;,&quot;empty_items_wrapper_tag&quot;:&quot;div&quot;}}\" data-page=\"1\" data-pages=\"1\" data-listing-source=\"posts\" data-listing-id=\"253\" data-query-id=\"\"><div class=\"jet-listing-grid__item jet-listing-dynamic-post-274 jet-equal-columns\" data-post-id=\"274\"  ><style type=\"text\/css\">.jet-listing-dynamic-post-274 .elementor-element.elementor-element-81bd017:not(.elementor-motion-effects-element-type-background), .jet-listing-dynamic-post-274 .elementor-element.elementor-element-81bd017 > .elementor-motion-effects-container > .elementor-motion-effects-layer{background-image:url(\"https:\/\/danielbuche.com.br\/projeto\/upcultural\/wp-content\/uploads\/2025\/08\/1755426875.png\");}<\/style>\t\t<div data-elementor-type=\"jet-listing-items\" data-elementor-id=\"253\" class=\"elementor elementor-253\" data-elementor-post-type=\"jet-engine\">\n\t\t\t\t<div class=\"elementor-element elementor-element-8681154 e-con-full e-flex e-con e-parent\" data-id=\"8681154\" data-element_type=\"container\">\n\t\t<div class=\"elementor-element elementor-element-81bd017 e-con-full e-flex e-con e-child\" data-id=\"81bd017\" data-element_type=\"container\" data-settings=\"{&quot;background_background&quot;:&quot;classic&quot;}\">\n\t\t\t\t<\/div>\n\t\t<div class=\"elementor-element elementor-element-83a8170 e-con-full e-flex e-con e-child\" data-id=\"83a8170\" data-element_type=\"container\">\n\t\t\t\t<div class=\"elementor-element elementor-element-00014b8 elementor-widget elementor-widget-heading\" data-id=\"00014b8\" data-element_type=\"widget\" data-widget_type=\"heading.default\">\n\t\t\t\t\t<h2 class=\"elementor-heading-title elementor-size-default\">Arte nas Escolas<\/h2>\t\t\t\t<\/div>\n\t\t\t\t<div class=\"elementor-element elementor-element-6cceb81 elementor-widget elementor-widget-text-editor\" data-id=\"6cceb81\" data-element_type=\"widget\" data-widget_type=\"text-editor.default\">\n\t\t\t\t\t\t\t\t\tPrograma de forma\u00e7\u00e3o art\u00edstica para estudantes da rede p\u00fablica.\t\t\t\t\t\t\t\t<\/div>\n\t\t\t\t<div class=\"elementor-element elementor-element-29f2a35 elementor-widget elementor-widget-button\" data-id=\"29f2a35\" data-element_type=\"widget\" data-widget_type=\"button.default\">\n\t\t\t\t\t\t\t\t\t\t<a class=\"elementor-button elementor-button-link elementor-size-sm\" href=\"https:\/\/danielbuche.com.br\/projeto\/upcultural\/arte-nas-escolas\/\">\n\t\t\t\t\t\t<span class=\"elementor-button-content-wrapper\">\n\t\t\t\t\t\t\t\t\t<span class=\"elementor-button-text\">Saiba mais<\/span>\n\t\t\t\t\t<\/span>\n\t\t\t\t\t<\/a>\n\t\t\t\t\t\t\t\t<\/div>\n\t\t\t\t<\/div>\n\t\t\t\t<\/div>\n\t\t\t\t<\/div>\n\t\t<\/div><div class=\"jet-listing-grid__item jet-listing-dynamic-post-272 jet-equal-columns\" data-post-id=\"272\"  ><style type=\"text\/css\">.jet-listing-dynamic-post-272 .elementor-element.elementor-element-81bd017:not(.elementor-motion-effects-element-type-background), .jet-listing-dynamic-post-272 .elementor-element.elementor-element-81bd017 > .elementor-motion-effects-container > .elementor-motion-effects-layer{background-image:url(\"https:\/\/danielbuche.com.br\/projeto\/upcultural\/wp-content\/uploads\/2025\/08\/1755426969.png\");}<\/style>\t\t<div data-elementor-type=\"jet-listing-items\" data-elementor-id=\"253\" class=\"elementor elementor-253\" data-elementor-post-type=\"jet-engine\">\n\t\t\t\t<div class=\"elementor-element elementor-element-8681154 e-con-full e-flex e-con e-parent\" data-id=\"8681154\" data-element_type=\"container\">\n\t\t<div class=\"elementor-element elementor-element-81bd017 e-con-full e-flex e-con e-child\" data-id=\"81bd017\" data-element_type=\"container\" data-settings=\"{&quot;background_background&quot;:&quot;classic&quot;}\">\n\t\t\t\t<\/div>\n\t\t<div class=\"elementor-element elementor-element-83a8170 e-con-full e-flex e-con e-child\" data-id=\"83a8170\" data-element_type=\"container\">\n\t\t\t\t<div class=\"elementor-element elementor-element-00014b8 elementor-widget elementor-widget-heading\" data-id=\"00014b8\" data-element_type=\"widget\" data-widget_type=\"heading.default\">\n\t\t\t\t\t<h2 class=\"elementor-heading-title elementor-size-default\">Palestra Cultural<\/h2>\t\t\t\t<\/div>\n\t\t\t\t<div class=\"elementor-element elementor-element-6cceb81 elementor-widget elementor-widget-text-editor\" data-id=\"6cceb81\" data-element_type=\"widget\" data-widget_type=\"text-editor.default\">\n\t\t\t\t\t\t\t\t\tPalestra Cultural \u00e9 um formato din\u00e2mico de encontro que une conhecimento.\t\t\t\t\t\t\t\t<\/div>\n\t\t\t\t<div class=\"elementor-element elementor-element-29f2a35 elementor-widget elementor-widget-button\" data-id=\"29f2a35\" data-element_type=\"widget\" data-widget_type=\"button.default\">\n\t\t\t\t\t\t\t\t\t\t<a class=\"elementor-button elementor-button-link elementor-size-sm\" href=\"https:\/\/danielbuche.com.br\/projeto\/upcultural\/palestra-cultural\/\">\n\t\t\t\t\t\t<span class=\"elementor-button-content-wrapper\">\n\t\t\t\t\t\t\t\t\t<span class=\"elementor-button-text\">Saiba mais<\/span>\n\t\t\t\t\t<\/span>\n\t\t\t\t\t<\/a>\n\t\t\t\t\t\t\t\t<\/div>\n\t\t\t\t<\/div>\n\t\t\t\t<\/div>\n\t\t\t\t<\/div>\n\t\t<\/div><div class=\"jet-listing-grid__item jet-listing-dynamic-post-270 jet-equal-columns\" data-post-id=\"270\"  ><style type=\"text\/css\">.jet-listing-dynamic-post-270 .elementor-element.elementor-element-81bd017:not(.elementor-motion-effects-element-type-background), .jet-listing-dynamic-post-270 .elementor-element.elementor-element-81bd017 > .elementor-motion-effects-container > .elementor-motion-effects-layer{background-image:url(\"https:\/\/danielbuche.com.br\/projeto\/upcultural\/wp-content\/uploads\/2025\/08\/1755427040.png\");}<\/style>\t\t<div data-elementor-type=\"jet-listing-items\" data-elementor-id=\"253\" class=\"elementor elementor-253\" data-elementor-post-type=\"jet-engine\">\n\t\t\t\t<div class=\"elementor-element elementor-element-8681154 e-con-full e-flex e-con e-parent\" data-id=\"8681154\" data-element_type=\"container\">\n\t\t<div class=\"elementor-element elementor-element-81bd017 e-con-full e-flex e-con e-child\" data-id=\"81bd017\" data-element_type=\"container\" data-settings=\"{&quot;background_background&quot;:&quot;classic&quot;}\">\n\t\t\t\t<\/div>\n\t\t<div class=\"elementor-element elementor-element-83a8170 e-con-full e-flex e-con e-child\" data-id=\"83a8170\" data-element_type=\"container\">\n\t\t\t\t<div class=\"elementor-element elementor-element-00014b8 elementor-widget elementor-widget-heading\" data-id=\"00014b8\" data-element_type=\"widget\" data-widget_type=\"heading.default\">\n\t\t\t\t\t<h2 class=\"elementor-heading-title elementor-size-default\">Sil\u00eancio em Tempos<\/h2>\t\t\t\t<\/div>\n\t\t\t\t<div class=\"elementor-element elementor-element-6cceb81 elementor-widget elementor-widget-text-editor\" data-id=\"6cceb81\" data-element_type=\"widget\" data-widget_type=\"text-editor.default\">\n\t\t\t\t\t\t\t\t\tA import\u00e2ncia da contempla\u00e7\u00e3o e do sil\u00eancio como fontes de sabedoria em nossa\t\t\t\t\t\t\t\t<\/div>\n\t\t\t\t<div class=\"elementor-element elementor-element-29f2a35 elementor-widget elementor-widget-button\" data-id=\"29f2a35\" data-element_type=\"widget\" data-widget_type=\"button.default\">\n\t\t\t\t\t\t\t\t\t\t<a class=\"elementor-button elementor-button-link elementor-size-sm\" href=\"https:\/\/danielbuche.com.br\/projeto\/upcultural\/silencio-em-tempos\/\">\n\t\t\t\t\t\t<span class=\"elementor-button-content-wrapper\">\n\t\t\t\t\t\t\t\t\t<span class=\"elementor-button-text\">Saiba mais<\/span>\n\t\t\t\t\t<\/span>\n\t\t\t\t\t<\/a>\n\t\t\t\t\t\t\t\t<\/div>\n\t\t\t\t<\/div>\n\t\t\t\t<\/div>\n\t\t\t\t<\/div>\n\t\t<\/div><div class=\"jet-listing-grid__item jet-listing-dynamic-post-268 jet-equal-columns\" data-post-id=\"268\"  ><style type=\"text\/css\">.jet-listing-dynamic-post-268 .elementor-element.elementor-element-81bd017:not(.elementor-motion-effects-element-type-background), .jet-listing-dynamic-post-268 .elementor-element.elementor-element-81bd017 > .elementor-motion-effects-container > .elementor-motion-effects-layer{background-image:url(\"https:\/\/danielbuche.com.br\/projeto\/upcultural\/wp-content\/uploads\/2025\/08\/1755427182.png\");}<\/style>\t\t<div data-elementor-type=\"jet-listing-items\" data-elementor-id=\"253\" class=\"elementor elementor-253\" data-elementor-post-type=\"jet-engine\">\n\t\t\t\t<div class=\"elementor-element elementor-element-8681154 e-con-full e-flex e-con e-parent\" data-id=\"8681154\" data-element_type=\"container\">\n\t\t<div class=\"elementor-element elementor-element-81bd017 e-con-full e-flex e-con e-child\" data-id=\"81bd017\" data-element_type=\"container\" data-settings=\"{&quot;background_background&quot;:&quot;classic&quot;}\">\n\t\t\t\t<\/div>\n\t\t<div class=\"elementor-element elementor-element-83a8170 e-con-full e-flex e-con e-child\" data-id=\"83a8170\" data-element_type=\"container\">\n\t\t\t\t<div class=\"elementor-element elementor-element-00014b8 elementor-widget elementor-widget-heading\" data-id=\"00014b8\" data-element_type=\"widget\" data-widget_type=\"heading.default\">\n\t\t\t\t\t<h2 class=\"elementor-heading-title elementor-size-default\">Educa\u00e7\u00e3o no S\u00e9culo XXI<\/h2>\t\t\t\t<\/div>\n\t\t\t\t<div class=\"elementor-element elementor-element-6cceb81 elementor-widget elementor-widget-text-editor\" data-id=\"6cceb81\" data-element_type=\"widget\" data-widget_type=\"text-editor.default\">\n\t\t\t\t\t\t\t\t\tReflex\u00f5es sobre como formar seres humanos integrais em uma \u00e9poca dominada\t\t\t\t\t\t\t\t<\/div>\n\t\t\t\t<div class=\"elementor-element elementor-element-29f2a35 elementor-widget elementor-widget-button\" data-id=\"29f2a35\" data-element_type=\"widget\" data-widget_type=\"button.default\">\n\t\t\t\t\t\t\t\t\t\t<a class=\"elementor-button elementor-button-link elementor-size-sm\" href=\"https:\/\/danielbuche.com.br\/projeto\/upcultural\/educacao-no-seculo-xxi\/\">\n\t\t\t\t\t\t<span class=\"elementor-button-content-wrapper\">\n\t\t\t\t\t\t\t\t\t<span class=\"elementor-button-text\">Saiba mais<\/span>\n\t\t\t\t\t<\/span>\n\t\t\t\t\t<\/a>\n\t\t\t\t\t\t\t\t<\/div>\n\t\t\t\t<\/div>\n\t\t\t\t<\/div>\n\t\t\t\t<\/div>\n\t\t<\/div><div class=\"jet-listing-grid__item jet-listing-dynamic-post-266 jet-equal-columns\" data-post-id=\"266\"  ><style type=\"text\/css\">.jet-listing-dynamic-post-266 .elementor-element.elementor-element-81bd017:not(.elementor-motion-effects-element-type-background), .jet-listing-dynamic-post-266 .elementor-element.elementor-element-81bd017 > .elementor-motion-effects-container > .elementor-motion-effects-layer{background-image:url(\"https:\/\/danielbuche.com.br\/projeto\/upcultural\/wp-content\/uploads\/2025\/08\/1755427252.png\");}<\/style>\t\t<div data-elementor-type=\"jet-listing-items\" data-elementor-id=\"253\" class=\"elementor elementor-253\" data-elementor-post-type=\"jet-engine\">\n\t\t\t\t<div class=\"elementor-element elementor-element-8681154 e-con-full e-flex e-con e-parent\" data-id=\"8681154\" data-element_type=\"container\">\n\t\t<div class=\"elementor-element elementor-element-81bd017 e-con-full e-flex e-con e-child\" data-id=\"81bd017\" data-element_type=\"container\" data-settings=\"{&quot;background_background&quot;:&quot;classic&quot;}\">\n\t\t\t\t<\/div>\n\t\t<div class=\"elementor-element elementor-element-83a8170 e-con-full e-flex e-con e-child\" data-id=\"83a8170\" data-element_type=\"container\">\n\t\t\t\t<div class=\"elementor-element elementor-element-00014b8 elementor-widget elementor-widget-heading\" data-id=\"00014b8\" data-element_type=\"widget\" data-widget_type=\"heading.default\">\n\t\t\t\t\t<h2 class=\"elementor-heading-title elementor-size-default\">Biblioteca UP<\/h2>\t\t\t\t<\/div>\n\t\t\t\t<div class=\"elementor-element elementor-element-6cceb81 elementor-widget elementor-widget-text-editor\" data-id=\"6cceb81\" data-element_type=\"widget\" data-widget_type=\"text-editor.default\">\n\t\t\t\t\t\t\t\t\tAcervo de obras fundamentais para forma\u00e7\u00e3o cultural e humanista.\t\t\t\t\t\t\t\t<\/div>\n\t\t\t\t<div class=\"elementor-element elementor-element-29f2a35 elementor-widget elementor-widget-button\" data-id=\"29f2a35\" data-element_type=\"widget\" data-widget_type=\"button.default\">\n\t\t\t\t\t\t\t\t\t\t<a class=\"elementor-button elementor-button-link elementor-size-sm\" href=\"https:\/\/danielbuche.com.br\/projeto\/upcultural\/biblioteca-up\/\">\n\t\t\t\t\t\t<span class=\"elementor-button-content-wrapper\">\n\t\t\t\t\t\t\t\t\t<span class=\"elementor-button-text\">Saiba mais<\/span>\n\t\t\t\t\t<\/span>\n\t\t\t\t\t<\/a>\n\t\t\t\t\t\t\t\t<\/div>\n\t\t\t\t<\/div>\n\t\t\t\t<\/div>\n\t\t\t\t<\/div>\n\t\t<\/div><div class=\"jet-listing-grid__item jet-listing-dynamic-post-260 jet-equal-columns\" data-post-id=\"260\"  ><style type=\"text\/css\">.jet-listing-dynamic-post-260 .elementor-element.elementor-element-81bd017:not(.elementor-motion-effects-element-type-background), .jet-listing-dynamic-post-260 .elementor-element.elementor-element-81bd017 > .elementor-motion-effects-container > .elementor-motion-effects-layer{background-image:url(\"https:\/\/danielbuche.com.br\/projeto\/upcultural\/wp-content\/uploads\/2025\/08\/1755427336.png\");}<\/style>\t\t<div data-elementor-type=\"jet-listing-items\" data-elementor-id=\"253\" class=\"elementor elementor-253\" data-elementor-post-type=\"jet-engine\">\n\t\t\t\t<div class=\"elementor-element elementor-element-8681154 e-con-full e-flex e-con e-parent\" data-id=\"8681154\" data-element_type=\"container\">\n\t\t<div class=\"elementor-element elementor-element-81bd017 e-con-full e-flex e-con e-child\" data-id=\"81bd017\" data-element_type=\"container\" data-settings=\"{&quot;background_background&quot;:&quot;classic&quot;}\">\n\t\t\t\t<\/div>\n\t\t<div class=\"elementor-element elementor-element-83a8170 e-con-full e-flex e-con e-child\" data-id=\"83a8170\" data-element_type=\"container\">\n\t\t\t\t<div class=\"elementor-element elementor-element-00014b8 elementor-widget elementor-widget-heading\" data-id=\"00014b8\" data-element_type=\"widget\" data-widget_type=\"heading.default\">\n\t\t\t\t\t<h2 class=\"elementor-heading-title elementor-size-default\">Ciclo de Palestras<\/h2>\t\t\t\t<\/div>\n\t\t\t\t<div class=\"elementor-element elementor-element-6cceb81 elementor-widget elementor-widget-text-editor\" data-id=\"6cceb81\" data-element_type=\"widget\" data-widget_type=\"text-editor.default\">\n\t\t\t\t\t\t\t\t\tEncontros com pensadores e artistas sobre cultura e sociedade.\t\t\t\t\t\t\t\t<\/div>\n\t\t\t\t<div class=\"elementor-element elementor-element-29f2a35 elementor-widget elementor-widget-button\" data-id=\"29f2a35\" data-element_type=\"widget\" data-widget_type=\"button.default\">\n\t\t\t\t\t\t\t\t\t\t<a class=\"elementor-button elementor-button-link elementor-size-sm\" href=\"https:\/\/danielbuche.com.br\/projeto\/upcultural\/ciclo-de-palestras\/\">\n\t\t\t\t\t\t<span class=\"elementor-button-content-wrapper\">\n\t\t\t\t\t\t\t\t\t<span class=\"elementor-button-text\">Saiba mais<\/span>\n\t\t\t\t\t<\/span>\n\t\t\t\t\t<\/a>\n\t\t\t\t\t\t\t\t<\/div>\n\t\t\t\t<\/div>\n\t\t\t\t<\/div>\n\t\t\t\t<\/div>\n\t\t<\/div><\/div><\/div>\t\t\t\t<\/div>\n\t\t\t\t\t<\/div>\n\t\t\t\t<\/div>\n\t\t<div class=\"elementor-element elementor-element-87f1a3a e-flex e-con-boxed e-con e-parent\" data-id=\"87f1a3a\" data-element_type=\"container\">\n\t\t\t\t\t<div class=\"e-con-inner\">\n\t\t\t\t<div class=\"elementor-element elementor-element-8161e30 elementor-align-center elementor-widget elementor-widget-button\" data-id=\"8161e30\" data-element_type=\"widget\" id=\"vermais\" data-widget_type=\"button.default\">\n\t\t\t\t\t\t\t\t\t\t<a class=\"elementor-button elementor-button-link elementor-size-sm\" href=\"#\">\n\t\t\t\t\t\t<span class=\"elementor-button-content-wrapper\">\n\t\t\t\t\t\t\t\t\t<span class=\"elementor-button-text\">Ver mais<\/span>\n\t\t\t\t\t<\/span>\n\t\t\t\t\t<\/a>\n\t\t\t\t\t\t\t\t<\/div>\n\t\t\t\t\t<\/div>\n\t\t\t\t<\/div>\n\t\t\t\t<\/div>\n\t\t","protected":false},"excerpt":{"rendered":"<p>In\u00edcio Encontros que nutrem a alma e expandem a consci\u00eancia. Participe de experi\u00eancias transformadoras. Fique por dentro Not\u00edcias UP Cultural Saiba mais Saiba mais Saiba mais Saiba mais Saiba mais Saiba mais Ver mais<\/p>\n","protected":false},"author":1,"featured_media":0,"parent":0,"menu_order":0,"comment_status":"closed","ping_status":"closed","template":"elementor_header_footer","meta":{"footnotes":""},"class_list":["post-72","page","type-page","status-publish","hentry"],"_links":{"self":[{"href":"https:\/\/danielbuche.com.br\/projeto\/upcultural\/wp-json\/wp\/v2\/pages\/72","targetHints":{"allow":["GET"]}}],"collection":[{"href":"https:\/\/danielbuche.com.br\/projeto\/upcultural\/wp-json\/wp\/v2\/pages"}],"about":[{"href":"https:\/\/danielbuche.com.br\/projeto\/upcultural\/wp-json\/wp\/v2\/types\/page"}],"author":[{"embeddable":true,"href":"https:\/\/danielbuche.com.br\/projeto\/upcultural\/wp-json\/wp\/v2\/users\/1"}],"replies":[{"embeddable":true,"href":"https:\/\/danielbuche.com.br\/projeto\/upcultural\/wp-json\/wp\/v2\/comments?post=72"}],"version-history":[{"count":16,"href":"https:\/\/danielbuche.com.br\/projeto\/upcultural\/wp-json\/wp\/v2\/pages\/72\/revisions"}],"predecessor-version":[{"id":523,"href":"https:\/\/danielbuche.com.br\/projeto\/upcultural\/wp-json\/wp\/v2\/pages\/72\/revisions\/523"}],"wp:attachment":[{"href":"https:\/\/danielbuche.com.br\/projeto\/upcultural\/wp-json\/wp\/v2\/media?parent=72"}],"curies":[{"name":"wp","href":"https:\/\/api.w.org\/{rel}","templated":true}]}}